se -m*h + 458 - 11 = 0. Is h a composite number?
False
Let m be (4/(-8) + 1)*-16. Let g(i) = 10*i**2 + 4*i + 6. Is g(m) a prime number?
False
Let q = 149 + -145. Suppose q*l - 512 = 4*t, 124 = l + 6*t - 3*t. Is l prime?
True
Suppose -22314 = -2*c - 4*y, -y + 29436 = 2*c + 7134. Is c a composite number?
False
Let r be (-2 + -1)/((-1)/3). Let k = 285 - 155. Is r/(-6)*2 + k composite?
False
Let l be (1 + 1 - -11)/1. Suppose 2*p - 16 = -3*n, 4*n + 3*p - l = 10. Suppose -5*k = -0*d - 3*d + 401, 5*d - 627 = -n*k. Is d prime?
True
Suppose -7*f + 3*f + 4*h = 12, -2*f + 6 = 2*h. Suppose f = -2*y + 4*m + 514, 4*y - 435 = -2*m + 593. Suppose -3*o + 2*o = -y. Is o a composite number?
False
Let t(u) = 32*u**2 - 9*u + 9. Let h be 8/28 - 232/28. Is t(h) a prime number?
True
Is ((-74776)/(-16))/(7/14) prime?
False
Suppose -252 = -0*s - s. Suppose -3*h + 519 = -s. Is h a composite number?
False
Let h(i) = i - i**2 + 3*i - i**2 + 1 - i**3 + 2. Let o be h(-3). Let l(q) = -q**3 + 2*q + 131. Is l(o) composite?
False
Suppose -4*b + 1486 = -2070. Is b composite?
True
Let h = 139 - 139. Suppose 17*l - 5*l - 66084 = h. Is l composite?
False
Let j = -20 + 33. Let c(w) = w**2 - 13*w. Let l be c(j). Suppose -a + 72 = -5*f, -2*a - 2*f = -l*f - 108. Is a prime?
False
Let j(p) = -6321*p + 14. Is j(-5) a composite number?
True
Let f = -200 - -20. Is 26854/30 - (-24)/f a composite number?
True
Is 11959 + 11 + 1*-1 a composite number?
False
Let z = -265 - -674. Suppose -z = -m + 10. Is m a prime number?
True
Let c be -2 + (-1)/(-1) - -4. Let t be -10 - -1 - (-1 - 10). Suppose -257 = -3*s - 2*f, 5*f - t*f = c*s - 252. Is s a prime number?
False
Let a(k) = 64*k**2 - 5*k + 8. Let f be a(-6). Suppose -9 = 3*z - 5*x - 4, -z = -3*x + 7. Suppose -f = -z*i - 607. Is i prime?
True
Suppose 0 = -19*t + 811026 + 683191. Is t prime?
True
Let u(n) = 210*n**2 - 41*n + 13. Is u(-8) a composite number?
False
Suppose -2*x = -2*n - 32608, 4*n + 46268 + 2647 = 3*x. Is x composite?
False
Suppose -2 = -4*y - 2*d + 6, -3*d - 12 = -2*y. Let c be (-1 + -761)*(-2)/y. Let n = 187 + c. Is n a prime number?
False
Let p(j) = j**3 + 4*j**2 - j + 2. Let t be p(-4). Let d be (t/(-3))/((-2)/904). Suppose 4*c = -0*c + d. Is c a prime number?
False
Let t(c) = c**2 + c + 2060. Let z be t(0). Suppose 0*f + 5*f = z. Let y = 597 - f. Is y a composite number?
True
Let t(z) = 2*z + 22. Let b be (-7)/14*1*-4. Let o be (-14)/7 - b/(-1). Is t(o) a prime number?
False
Suppose -r + 8 = 3*r. Let j(h) = 259 + r*h - h + 0*h. Is j(0) composite?
True
Let o(f) = -9*f - 1 - 1 + 7 - 1. Let v be o(-9). Let q = v + -50. Is q composite?
True
Is 293715/36 - (-4)/16 a composite number?
True
Let y = 11 + -13. Let w(g) = 88*g**2 + 2*g - 1. Is w(y) prime?
True
Suppose -2*l - 3173 = -5*s, 2*s + 0*s = -l + 1271. Is s prime?
False
Suppose 100285 = 3*r + 4*n, 3*n - 20265 = -2*r + 46591. Is r a composite number?
True
Suppose -k = 2*i - 40449, 21761 + 79369 = 5*i + 4*k. Is i a prime number?
False
Let k(x) = x**3 - 3*x**2 - 9*x - 1. Let f be k(5). Suppose f*n - 2267 = 681. Is n composite?
True
Suppose -946 = -2*v + 474. Suppose 3*j - 690 - v = -4*m, -1769 = -5*m + j. Is m a prime number?
True
Is (-112)/(-5) - (-8 + 148/20) composite?
False
Let n = -23962 + 45656. Is n composite?
True
Let k(j) be the second derivative of -3*j**3 + 3*j**2/2 + 8*j. Let s be k(-1). Is s/2*(-30)/(-9) a prime number?
False
Let t(y) = y. Let j be t(5). Let h(u) = -2 + j*u + 3 - 5*u + u. Is h(2) a composite number?
False
Is 100785/10*(-11)/(264/(-32)) a composite number?
True
Suppose -4*t + 1437 = -4031. Suppose -h - 4*m = -705, 741 = 3*h + 5*m - t. Is h a prime number?
True
Let w be 195/21 + (-8)/28. Suppose 2*g - 3*g + w = 0. Suppose -6*c + g*c - 231 = 0. Is c a prime number?
False
Let t(f) = -4*f + 3 - 5 - 49*f. Suppose 0 = -2*p + 4*l - 2, p - 5 = 6*p - 2*l. Is t(p) a composite number?
True
Let u = 54967 + -7130. Is u prime?
True
Let n = 139 - 133. Suppose -n*s + 4*s + 1363 = p, 0 = 4*p - 5*s - 5439. Is p a composite number?
False
Let k = -53 + 34. Let y = -8 - k. Suppose 0 = 2*s - y - 27. Is s a composite number?
False
Suppose -5*m + 5*k = -10351 + 1251, 4*k = m - 1811. Is m composite?
False
Suppose 0 = -4*g - 5*g + 29448. Suppose 3*q - 4*m = 4929, 6*q + 2*m = 4*q + g. Is q prime?
False
Suppose 34 = -5*r + 154. Suppose -2*h = -5*h - r. Let n(i) = i**2 + 4*i + 1. Is n(h) a composite number?
True
Let s(z) = 3298*z**2 - z + 2. Is s(1) a prime number?
True
Let m(j) = 2*j**3 - 5*j**2 + 2. Let r(f) = 2*f**2 - 3*f + 4. Let d be r(3). Suppose -5*k = -d - 17. Is m(k) a composite number?
True
Let o(d) = -d + 15. Let j be o(12). Suppose -3*a = -j, -2*r - 5*a + 2*a - 11 = 0. Let g(k) = -k**3 - 5*k**2 + 2*k + 1. Is g(r) prime?
False
Let q = -671 + 3736. Is q composite?
True
Let s(l) = -2*l**2 + 2*l**2 + 6*l + l**2 + 14. Let g(b) = -2*b + 1. Let y be g(6). Is s(y) prime?
False
Suppose -2*o + 10 = 0, -4*c + 3*o = -0*c - 473. Let l = -48 + c. Is l prime?
False
Let j(f) = 90*f**2 - 24*f + 97. Is j(-22) composite?
True
Suppose k + 54 + 882 = 0. Let s = 1873 + k. Is s a prime number?
True
Let n(r) = 282*r - 2. Let l be n(7). Suppose -8*k = -4*k - l. Is k a prime number?
False
Let x be 2 + (-3747)/1 + 1. Let h = -9537 + x. Is (-12)/90 + h/(-45) a prime number?
False
Let g be (0/(-4))/(-5) + 2. Suppose 2*v + 5*i - 377 - 580 = 0, -2*v = -g*i - 964. Is v composite?
True
Let w(v) = 195*v**2 + 27*v - 127. Is w(5) a prime number?
False
Let j = -19179 - -27086. Is j prime?
True
Is (1 - 10/6)/((-584)/44496420) prime?
False
Let t = 6 + -2661. Let y = t + 3819. Suppose 0 = -3*u + 7*u - y. Is u a composite number?
True
Let k = 1714 - 1179. Is k a prime number?
False
Suppose -5*m = -2*n - 45615, 3*m - n + 644 = 28013. Is m a prime number?
False
Suppose -5*b + 990 = 4*c, -4*c - 222 = -2*b + b. Let p be b + ((-16)/4 - -6). Suppose -a + p = a + 2*m, 0 = 2*a - 5*m - 232. Is a prime?
False
Is 3 - -2437 - (-1)/2*-10 a prime number?
False
Let l(d) = -235*d**3 - d**2 + 1. Let q = -8 + 12. Suppose -2*u = -q*m - 2, -2 + 6 = -5*m + u. Is l(m) a composite number?
True
Let w be (-6)/30*0 - (-2 - -1). Is (130/6)/(w + 4/(-6)) a composite number?
True
Let h = -293580 - -469361. Is h prime?
True
Suppose -5*o + 41 = -4*o. Is 3*(o/3 - -1*2) composite?
False
Let t(d) = 59*d**2 + 39*d - 121. Is t(3) composite?
True
Suppose 0*k + 4 = k. Suppose -5*r + 792 = 5*q - 1278, -k*q - 2*r = -1646. Is q prime?
True
Let i(g) = 4 - 2 - g**3 + 6*g + 3 - 2*g + 5*g**2. Suppose 3*s + w = 2*s + 7, 5*w = 2*s. Is i(s) a composite number?
True
Suppose -40 = -3*f + 5. Suppose -2*o - 5*w - 19 = -6*o, -5*w - f = 0. Is 3342/(-6)*(0 - o) a composite number?
False
Suppose 5*c - 81 + 16 = 0. Let p = c + -8. Suppose w - 479 = -3*h, 0 = 3*h - 2*w + p*w - 483. Is h a prime number?
False
Suppose -41*n + 1323 = 22*n. Is n prime?
False
Let o be 9/(-15) + 36/10. Suppose 2*c + 2240 = 2*m, 3*m + c = -o*c + 3325. Is m a composite number?
True
Let l(g) be the first derivative of -194*g**2 + 6. Let d be l(-1). Suppose z + 2*m = 5*z - 518, 3*z = m + d. Is z a prime number?
False
Let s(w) = 2*w + 22. Let c be s(-11). Is (c + -3793)*19/(-19) a composite number?
False
Suppose 0*x = -4*k - 2*x + 1958, -1955 = -4*k + x. Is k a prime number?
False
Suppose -5*v = -2*t - 11, v - 5*v = -12. Suppose -1241 = -t*y + 3473. Is y a prime number?
True
Suppose -n = -3*n + 582. Suppose -x + 56 = -n. Is x prime?
True
Let z = -61 - -129. Suppose 0 = 2*v - 0*v - z. Is v a composite number?
True
Let b = 21736 + -7782. Is b a prime number?
False
Let z(o) = -o**2 - 7*o + 2. Let q be z(-5). Let y be 18/q - 294/4. Let h = y - -111. Is h a prime number?
False
Suppose 3*a - 2056 = -3*d - 97, 4*d + 2580 = 4*a. Is a a prime number?
False
Is ((-4 - 1) + 4)/(2/(-6914)) prime?
True
Let h be (-72)/27*(-6)/(-4). Let v be (-47)/h - 4/(-16). Is v/3 - 85/(-1) prime?
True
Let c(z) = -z**3 + 10*z**2 - z + 12. Let a be c(10). Suppose -a*x = -78 - 80. Is x composite?
False
Let g = 25 - -263. Suppose u + 2*u + 4*a = -495, -3*u - 3*a = 492. Let l = u + g. Is l a prime number?
True
Let t = -46858 + 68171. Is t prime?
True
Suppose 42 = 3*l + 3*d, 2*d = -7*l + 4*l + 38. Suppose 5 + l = 3*k. Is (-292 + 1)*k/(-15) composite?
False
Suppose -3*j + 4*j - 830 = 0. Suppose 0 = 5*a - x - j, -3*a - 3*x = -41